m + 4. Let q be y(0). Let a be -12*(68/(-16) + q). Let w(j) = -9*j**2 + 33*j**3 - 4*j - 34*j**a - 11 + 2*j - 6*j. What is w(-8)?
-11
Let o be 3/9 - 5/(-3). Let h(m) = 2*m - 192*m**2 + 197*m**2 + 121 - 120. Calculate h(o).
25
Let y(b) = b**2 - 9*b + 18. Let j be y(3). Suppose -15*o - 13 + 223 = j. Suppose -9*t = -o*t - 10. Let w(a) = a**3 + 4*a**2 + a - 1. Determine w(t).
5
Let l = -389 + 394. Suppose 6*k - 8*k = r + 3, l*k - r = -25. Let u(p) = p**3 + 4*p**2 - p - 2. What is u(k)?
2
Let g(q) = -22773 + q**2 + 45516 + 2*q - 22768. What is g(-6)?
-1
Let l(j) = 2*j**2 - 13*j + 15. Let v(i) = i**2 - 48*i + 295. Let a be v(7). Calculate l(a).
39
Suppose -2341*a = -2372*a + 341. Let m(h) = -h**2 + 20*h - 102. Give m(a).
-3
Let d(o) = -o + 6. Suppose 2*x = 3*t - 122, -5*x + 155 = -t + 5*t. Suppose t*r = -74 - 6. Give d(r).
8
Let t(k) = 5*k**3 + k**2 + k + 1. Let i be 24/84 + 192/14. Suppose 2*a - i + 6 = 0. Suppose -5*x + 4*j = j + 8, 0 = -a*j + 4. Determine t(x).
-4
Suppose -7 = v - 0*v. Let q = -417 + 419. Let o(a) = 3*a + q + 8*a + 7*a - 19*a. Give o(v).
9
Let k(o) = o**3 - 11*o**2 + 7*o + 4. Suppose 3*g - 16 = m + 11, -g = -m - 7. Determine k(g).
-26
Suppose -2*h - 32 = 22. Let m be (-10)/(-45) - (-195)/h. Let w(q) = -q**2 - 10*q - 1. What is w(m)?
20
Let u(t) = 6*t**2 - 2*t - 1. Let r(w) = 4*w + 13 + 13 - 37 - 7*w + w**2. Let z be r(5). Give u(z).
7
Let l(o) be the first derivative of o**5/8 + 35*o**3/3 + 2*o - 142. Let z(h) be the third derivative of l(h). What is z(1)?
15
Let k(h) = -3*h. Let u(j) be the third derivative of j**5/60 + 5*j**4/12 + 3*j**3 - 4*j**2 - 3*j. Let r be u(-7). Determine k(r).
9
Let i(w) = 6*w + 1. Let c(s) = -19*s - 216. Let h be c(-9). Let o be (-30)/4*(345/h + 7). What is i(o)?
31
Let g(c) = 3*c**3 - 2*c**2 + c + 1. Let t = 4205 - 4207. Give g(t).
-33
Suppose 4*a = 5*a + 5. Let i(c) = -4*c + 3*c + 111 + 116 - 232. Let w(b) = -6. Let d(l) = i(l) + w(l). Give d(a).
-6
Let c(p) = 2*p + 41. Let z(f) = 2*f + 121. Let g(h) = 6*c(h) - 2*z(h). Give g(1).
12
Let t(k) = k**2 - 12*k + 13. Suppose -33*y - 5*a = -35*y - 971, -a - 989 = 2*y. Let x = y - -503. Determine t(x).
-7
Let g be (9/6)/(7/546). Let x(q) = 6 - g*q**2 - 5*q + 118*q**2 + 0*q + 0. Give x(6).
12
Let j(g) = 11 + 2*g + 1 - 3*g. Let a = 55155 - 55144. What is j(a)?
1
Suppose -5*r + h + 1 = 0, -5*r + 2*h = -14 + 12. Let l(g) = g + 7. Determine l(r).
7
Let w(z) = -11*z**2 + 120*z + 1. Suppose 5*q = j + 54, -q - 3*j - 3199 = -3213. Calculate w(q).
-10
Let i(n) = 2*n**3 + 2*n**2 + 29. Let b(d) = d**3 + 3*d**2 - d. Let j(h) = -b(h) + i(h). Suppose -17*v = -2*v. Calculate j(v).
29
Let u(g) = -12*g**2 - 4*g + 8. Let p(l) = 2*l**2 + l - 1. Let a(v) = 7*p(v) + u(v). Determine a(-3).
10
Suppose -6*a + 25 = 49. Let t(f) = -2*f**2 - 6*f + 8. Let u(x) = -4*x**2 - 13*x + 17. Let w(o) = 9*t(o) - 4*u(o). What is w(a)?
-20
Let a(l) = 9*l + 4. Let g(m) = -50*m - 3. Let u be g(-3). Let n(r) = u - r - 147. Let z(c) = -a(c) - 4*n(c). Give z(-3).
11
Let a(w) = -w**2 - 12*w - 15. Suppose -101*b = -95 + 780 + 22. Calculate a(b).
20
Let d(u) = -u**2 + 10*u - 15. Let t be (-141)/(-21) + 0 - (-2)/7. Let s be d(t). Suppose s*n = 26 + 10. Let a(l) = -l**2 + 5*l + 4. Determine a(n).
-2
Let f = -4565 - -4562. Let i(a) = -a**3 - 2*a**2 - 4. Give i(f).
5
Let c(s) = -4*s + 11. Let m(z) = -4 - 9 + 5 + 3 + z. Let y(a) = -6*c(a) - 13*m(a). Calculate y(-1).
-12
Let a(c) = 8*c**2 + 20. Let b(i) = -13*i**2 + i - 30. Let o(y) = -8*a(y) - 5*b(y). Give o(7).
4
Let a be 3/(-9)*-3 + 3/3. Let h be a/(4/(-16)*-4). Let f(w) be the first derivative of -2*w**3/3 - 3*w**2/2 + 3*w + 1. Calculate f(h).
-11
Let z(u) = -21 - 9*u + 8 + 14 + 78. Determine z(9).
-2
Let r be 0 - (0/2)/(-9 + 10). Suppose 4*z + r = 28. Suppose z = -2*v + 5. Let i(f) = 2*f. Give i(v).
-2
Let k(o) = 244 - 197 - 14 + 4*o. Calculate k(-3).
21
Let z(w) = 4*w. Suppose 0 = -2*q + 28 - 26. Let h(p) = -45*p + 46. Let j be h(q). Calculate z(j).
4
Suppose 0*y + 4 = -4*d - 4*y, 5*d - 2*y - 16 = 0. Suppose -i = -d*g + 7*g + 6, -1 = -g + 2*i. Let q(v) = -v - 11 - v**2 + 11. What is q(g)?
0
Suppose 45*c = 48*c - 6. Let q(u) = -10*u - 119. Let v(l) = -9*l - 99. Let g(h) = 5*q(h) - 6*v(h). Give g(c).
7
Let p = 189 + -150. Let h = p - 39. Let d(z) = z**3 + z**2 + 23. What is d(h)?
23
Let w = -155 + 170. Suppose 0 = -5*u + 8*u + 2*p - 3, -3*u + 2*p = -w. Let k(l) = 2*l**2 - 2*l - 3. What is k(u)?
9
Let c(z) be the first derivative of 10*z**3/3 + 109*z**2/2 - 20*z + 2131. Determine c(-11).
-9
Let u be (0 - (-3)/(-9))/(7/(-63)). Let i(t) = 26*t**3 + 0 + 3 + 5 - 25*t**u. Let l(d) = d - 5. Let j be l(5). What is i(j)?
8
Suppose -6*g = -16 + 10. Let v(m) = -m + 3. Let k be v(g). Let h(j) = -6 + 19 - 12*j - 5*j**3 + 12*j**k + 5*j**3 - j**3. Calculate h(11).
2
Let u(d) be the second derivative of d**5/60 + 5*d**4/24 + 3*d**3 + 48*d. Let j(x) be the second derivative of u(x). Determine j(-3).
-1
Let b(i) be the third derivative of -i**4/6 - 2*i**3/3 + 1519*i**2. Calculate b(2).
-12
Let v(b) = b**2 - 14*b + 54. Let f be v(7). Suppose f*u - 311 = -296. Let z(j) = 2*j**2 - 3*j - 3. Give z(u).
6
Let v(s) = -s**2 + 11*s - 4. Let h(a) = 2*a**2 - 5*a - 15. Suppose -3*f = 2*f - 25. Let u be h(f). Give v(u).
6
Let o(u) be the third derivative of u**6/120 - u**5/10 - u**4/4 + 5*u**3/6 + 41*u**2 - 6. What is o(3)?
-40
Let m be (-18)/(-6) + (-5)/((-5)/2). Let o(h) = -13*h**3 + 8*h**2 - 3*h - 2. Let t(b) = 11*b**3 - 8*b**2 + 3*b + 4. Let c(d) = m*o(d) + 6*t(d). Calculate c(7).
-14
Let j(w) = w**3 - 14*w**2 + 22*w - 24. Let r be j(15). Let n = r + -530. Let d(q) = -11*q**3 + q - 1. Give d(n).
-11
Let n(m) = -13 + 10 + 8 - 2*m. Let f = -18 + 23. Let h be 6 + -4 + 1 + f. Give n(h).
-11
Let f(d) = d**3 + 17*d**2 - 3*d - 40. Let p be ((-23)/23)/(252/(-51) - -5). Give f(p).
11
Let b(h) = -h**2 - 9*h - 12. Let p(u) = u + 23. Let t be p(-29). Calculate b(t).
6
Let f(z) be the first derivative of z**5/20 - z**4/2 - 5*z**3/6 - 6*z**2 - 65*z - 240. Let t(j) be the first derivative of f(j). Determine t(7).
2
Let b = 16 - 14. Let k(l) = -18*l**2 + 2*l + 76*l**2 - 21*l**2 + 1 - 23*l**2 - 12*l**2. Calculate k(b).
13
Let b(c) = c**3 + c**2 - 31. Let d be (110/(-1045) + 4/38)/(6/(-2)). Determine b(d).
-31
Let a(m) = -m + 4. Suppose -119 + 35 = 21*n. Let q(c) = -3*c + 13. Let u(h) = n*q(h) + 14*a(h). Determine u(4).
-4
Let x(r) be the third derivative of -2/3*r**3 + 0*r - 1/10*r**5 - 10*r**2 + 0 - 1/120*r**6 - 7/24*r**4. Let q be (2/3)/((-6)/45). Give x(q).
6
Let m(i) = 7*i**3 + 18*i**2 + 27*i + 5. Let l(z) = -12*z**3 - 34*z**2 - 35*z - 10. Let p(c) = -3*l(c) - 5*m(c). Give p(-14).
33
Let a(h) = -5*h**3 - h - 1. Suppose k = -3*k + 24. Let b be ((-2)/k)/((-44)/(-132)). Determine a(b).
5
Let d(v) be the second derivative of v**3/2 - v**2 - 3*v + 2. Let l be 3 + 2/((-8)/(-20)). Suppose -l = 5*j - 2*x, 2*j - 5*x = -4 + 5. Give d(j).
-8
Suppose -7*d - 24 = 32. Let o = d + 56. Let c(n) = 5 - 3 + 5*n - 16*n**2 - 25*n**2 + n**3 + o*n**2. Give c(-3).
23
Let b(j) = 33*j + 5*j - 348 + 24*j - 149*j. Determine b(-4).
0
Let p be (-4)/18 + (-8675)/45. Let z = p - -197. Let k(h) = 2*h - 4. Give k(z).
4
Let w(m) = -2*m**2 + 15*m - 1. Let t(l) = 5*l**2 - 41*l + 2. Let d(i) = 3*t(i) + 8*w(i). Let n(f) = -5*f - 4. Let h(y) = 2*d(y) - n(y). Determine h(3).
-21
Let n(b) = b**2 + 7*b - 28. Let l be (-10)/6*9756/1355. Give n(l).
32
Let s(k) be the first derivative of -4*k**3/3 + 2*k**2 - 3*k + 26. Let r = 8 + -8. Suppose r = -0*d + 4*d - 5*i + 12, -3*i + 12 = 0. Calculate s(d).
-11
Let n be 6 + 176/(-28) - (-1 - 72/56). Let h(r) = r**3 - 3*r**2 + 10*r - 1. Let v(p) = p - 2*p**2 + p**2 + 2*p. Let o(s) = 2*h(s) - 7*v(s). Determine o(n).
16
Let a(z) = -10*z - 98. Let b be a(-10). Suppose b*h - 4*y + 18 = 0, -h + 7*y = 4*y + 11. Let u(j) = -j**3 - 5*j**2 - 6*j + 1. Calculate u(h).
31
Let q(z) = z**2 - 5*z + 6. Let g(f) = f**2 + 16*f - 506. Let o be g(-32). Give q(o).
12
Suppose s = 201 - 193, 5*s - 60 = -4*q. Let d(n) = 15*n - 95. Calculate d(q).
-20
Let n(q) be the first derivative of q**3/3 + 3*q**2 + 5*q + 677. Give n(-9).
32
Let m(s) = s**2 - 85*s + 35. Let k(d) = -25*d + 1. Let t(q) = -3*k(q) + m(q). Give t(9).
23
Let s = -78331 - -78327. Let z(a) = 3*a - 6 - 9*a - 2*a**2 + a**2. Calculate z(s).
2
Let g(a) = -3*a**2 